{"id":103,"date":"2023-11-12T18:13:23","date_gmt":"2023-11-12T18:13:23","guid":{"rendered":"https:\/\/netpulsar.pl\/?page_id=103"},"modified":"2025-08-29T10:18:05","modified_gmt":"2025-08-29T10:18:05","slug":"outsourcing-it","status":"publish","type":"page","link":"https:\/\/netpulsar.pl\/index.php\/outsourcing-it\/","title":{"rendered":"Outsourcing IT"},"content":{"rendered":"\t\t<div data-elementor-type=\"wp-page\" data-elementor-id=\"103\" class=\"elementor elementor-103\" data-elementor-post-type=\"page\">\n\t\t\t\t<div class=\"elementor-element elementor-element-839e0ff e-flex e-con-boxed e-con e-parent\" data-id=\"839e0ff\" data-element_type=\"container\" data-e-type=\"container\" data-settings=\"{&quot;background_background&quot;:&quot;classic&quot;}\">\n\t\t\t\t\t<div class=\"e-con-inner\">\n\t\t<div class=\"elementor-element elementor-element-2409b45 e-flex e-con-boxed e-con e-child\" data-id=\"2409b45\" data-element_type=\"container\" data-e-type=\"container\">\n\t\t\t\t\t<div class=\"e-con-inner\">\n\t\t\t\t<div class=\"elementor-element elementor-element-2446610 elementor-widget elementor-widget-heading\" data-id=\"2446610\" data-element_type=\"widget\" data-e-type=\"widget\" data-widget_type=\"heading.default\">\n\t\t\t\t<div class=\"elementor-widget-container\">\n\t\t\t\t\t<h2 class=\"elementor-heading-title elementor-size-default\">Twoje Biuro IT \u2013 kompleksowe wsparcie technologiczne dla Twojej firmy<\/h2>\t\t\t\t<\/div>\n\t\t\t\t<\/div>\n\t\t\t\t<div class=\"elementor-element elementor-element-483e4e9 elementor-widget elementor-widget-text-editor\" data-id=\"483e4e9\" data-element_type=\"widget\" data-e-type=\"widget\" data-widget_type=\"text-editor.default\">\n\t\t\t\t<div class=\"elementor-widget-container\">\n\t\t\t\t\t\t\t\t\t<p data-start=\"318\" data-end=\"543\">Czy Tw\u00f3j dzia\u0142 IT potrzebuje wsparcia, a mo\u017ce nie masz go w og\u00f3le?<br data-start=\"384\" data-end=\"387\" \/>Nasza firma oferuje us\u0142ug\u0119 <strong data-start=\"414\" data-end=\"434\">\u201eTwoje Biuro IT\u201d<\/strong>, kt\u00f3ra pozwoli Ci korzysta\u0107 z pe\u0142noprawnego dzia\u0142u IT \u2013 bez konieczno\u015bci zatrudniania pracownik\u00f3w na etat.<\/p><p data-start=\"545\" data-end=\"712\">Zyskujesz <strong data-start=\"555\" data-end=\"592\">dedykowany zesp\u00f3\u0142 specjalist\u00f3w IT<\/strong>, kt\u00f3ry dzia\u0142a jak cz\u0119\u015b\u0107 Twojej organizacji, dbaj\u0105c o bezpiecze\u0144stwo, stabilno\u015b\u0107 i rozw\u00f3j technologiczny Twojej firmy.<\/p>\t\t\t\t\t\t\t\t<\/div>\n\t\t\t\t<\/div>\n\t\t\t\t\t<\/div>\n\t\t\t\t<\/div>\n\t\t\t\t\t<\/div>\n\t\t\t\t<\/div>\n\t\t<div class=\"elementor-element elementor-element-5e04464 e-flex e-con-boxed e-con e-parent\" data-id=\"5e04464\" data-element_type=\"container\" data-e-type=\"container\" data-settings=\"{&quot;background_background&quot;:&quot;classic&quot;}\">\n\t\t\t\t\t<div class=\"e-con-inner\">\n\t\t<div class=\"elementor-element elementor-element-a875e58 e-flex e-con-boxed e-con e-child\" data-id=\"a875e58\" data-element_type=\"container\" data-e-type=\"container\">\n\t\t\t\t\t<div class=\"e-con-inner\">\n\t\t\t\t<div class=\"elementor-element elementor-element-1356133 elementor-widget elementor-widget-heading\" data-id=\"1356133\" data-element_type=\"widget\" data-e-type=\"widget\" data-widget_type=\"heading.default\">\n\t\t\t\t<div class=\"elementor-widget-container\">\n\t\t\t\t\t<h2 class=\"elementor-heading-title elementor-size-default\">Co zyskujesz dzi\u0119ki \u201eTwojemu Biuru IT\u201d?<\/h2>\t\t\t\t<\/div>\n\t\t\t\t<\/div>\n\t\t\t\t<div class=\"elementor-element elementor-element-832a70e elementor-widget elementor-widget-heading\" data-id=\"832a70e\" data-element_type=\"widget\" data-e-type=\"widget\" data-widget_type=\"heading.default\">\n\t\t\t\t<div class=\"elementor-widget-container\">\n\t\t\t\t\t<h2 class=\"elementor-heading-title elementor-size-default\">Monitorowanie i utrzymanie system\u00f3w:\n<\/h2>\t\t\t\t<\/div>\n\t\t\t\t<\/div>\n\t\t\t\t<div class=\"elementor-element elementor-element-500ee4f elementor-widget elementor-widget-text-editor\" data-id=\"500ee4f\" data-element_type=\"widget\" data-e-type=\"widget\" data-widget_type=\"text-editor.default\">\n\t\t\t\t<div class=\"elementor-widget-container\">\n\t\t\t\t\t\t\t\t\t<ul>\n \t<li data-start=\"807\" data-end=\"858\">\n<p data-start=\"809\" data-end=\"858\">Ci\u0105g\u0142e nadzorowanie serwer\u00f3w, sieci i system\u00f3w.<\/p>\n<\/li>\n \t<li data-start=\"859\" data-end=\"936\">\n<p data-start=\"861\" data-end=\"936\">Wczesne wykrywanie i eliminowanie problem\u00f3w, zanim wp\u0142yn\u0105 na Tw\u00f3j biznes.<\/p>\n<\/li>\n<\/ul>\t\t\t\t\t\t\t\t<\/div>\n\t\t\t\t<\/div>\n\t\t\t\t<div class=\"elementor-element elementor-element-0add4bb elementor-widget elementor-widget-heading\" data-id=\"0add4bb\" data-element_type=\"widget\" data-e-type=\"widget\" data-widget_type=\"heading.default\">\n\t\t\t\t<div class=\"elementor-widget-container\">\n\t\t\t\t\t<h2 class=\"elementor-heading-title elementor-size-default\">Wsparcie techniczne:\n<\/h2>\t\t\t\t<\/div>\n\t\t\t\t<\/div>\n\t\t\t\t<div class=\"elementor-element elementor-element-2c1c72e elementor-widget elementor-widget-text-editor\" data-id=\"2c1c72e\" data-element_type=\"widget\" data-e-type=\"widget\" data-widget_type=\"text-editor.default\">\n\t\t\t\t<div class=\"elementor-widget-container\">\n\t\t\t\t\t\t\t\t\t<ul><li data-start=\"969\" data-end=\"1034\"><p data-start=\"971\" data-end=\"1034\">Natychmiastowa pomoc przy awariach i problemach technicznych.<\/p><\/li><li data-start=\"1035\" data-end=\"1090\"><p data-start=\"1037\" data-end=\"1090\">Obs\u0142uga pracownik\u00f3w Twojej firmy w trybie helpdesk.<\/p><\/li><\/ul>\t\t\t\t\t\t\t\t<\/div>\n\t\t\t\t<\/div>\n\t\t\t\t<div class=\"elementor-element elementor-element-38e9f2f elementor-widget elementor-widget-heading\" data-id=\"38e9f2f\" data-element_type=\"widget\" data-e-type=\"widget\" data-widget_type=\"heading.default\">\n\t\t\t\t<div class=\"elementor-widget-container\">\n\t\t\t\t\t<h2 class=\"elementor-heading-title elementor-size-default\">Planowanie rozwoju technologicznego:\n<\/h2>\t\t\t\t<\/div>\n\t\t\t\t<\/div>\n\t\t\t\t<div class=\"elementor-element elementor-element-36955d7 elementor-widget elementor-widget-text-editor\" data-id=\"36955d7\" data-element_type=\"widget\" data-e-type=\"widget\" data-widget_type=\"text-editor.default\">\n\t\t\t\t<div class=\"elementor-widget-container\">\n\t\t\t\t\t\t\t\t\t<ul><li data-start=\"1134\" data-end=\"1218\"><p data-start=\"1136\" data-end=\"1218\">Tworzymy d\u0142ugoterminow\u0105 <strong data-start=\"1160\" data-end=\"1176\">strategi\u0119 IT<\/strong> dopasowan\u0105 do Twoich cel\u00f3w biznesowych.<\/p><\/li><li data-start=\"1219\" data-end=\"1293\"><p data-start=\"1221\" data-end=\"1293\">Doradzamy przy wyborze sprz\u0119tu, oprogramowania i rozwi\u0105za\u0144 chmurowych.<\/p><\/li><\/ul>\t\t\t\t\t\t\t\t<\/div>\n\t\t\t\t<\/div>\n\t\t\t\t<div class=\"elementor-element elementor-element-aab3811 elementor-widget elementor-widget-heading\" data-id=\"aab3811\" data-element_type=\"widget\" data-e-type=\"widget\" data-widget_type=\"heading.default\">\n\t\t\t\t<div class=\"elementor-widget-container\">\n\t\t\t\t\t<h2 class=\"elementor-heading-title elementor-size-default\">Optymalizacja koszt\u00f3w:\n<\/h2>\t\t\t\t<\/div>\n\t\t\t\t<\/div>\n\t\t\t\t<div class=\"elementor-element elementor-element-e7d7e13 elementor-widget elementor-widget-text-editor\" data-id=\"e7d7e13\" data-element_type=\"widget\" data-e-type=\"widget\" data-widget_type=\"text-editor.default\">\n\t\t\t\t<div class=\"elementor-widget-container\">\n\t\t\t\t\t\t\t\t\t<ul><li data-start=\"1326\" data-end=\"1387\"><p data-start=\"1328\" data-end=\"1387\">P\u0142acisz tylko za us\u0142ugi, kt\u00f3rych faktycznie potrzebujesz.<\/p><\/li><li data-start=\"1388\" data-end=\"1465\"><p data-start=\"1390\" data-end=\"1465\">Zast\u0119pujemy kosztowny wewn\u0119trzny dzia\u0142 IT elastycznym modelem wsp\u00f3\u0142pracy.<\/p><\/li><\/ul>\t\t\t\t\t\t\t\t<\/div>\n\t\t\t\t<\/div>\n\t\t\t\t\t<\/div>\n\t\t\t\t<\/div>\n\t\t\t\t\t<\/div>\n\t\t\t\t<\/div>\n\t\t<div class=\"elementor-element elementor-element-510c831 e-flex e-con-boxed e-con e-parent\" data-id=\"510c831\" data-element_type=\"container\" data-e-type=\"container\" data-settings=\"{&quot;background_background&quot;:&quot;classic&quot;}\">\n\t\t\t\t\t<div class=\"e-con-inner\">\n\t\t<div class=\"elementor-element elementor-element-fff2ef4 e-flex e-con-boxed e-con e-child\" data-id=\"fff2ef4\" data-element_type=\"container\" data-e-type=\"container\">\n\t\t\t\t\t<div class=\"e-con-inner\">\n\t\t\t\t<div class=\"elementor-element elementor-element-e3e9769 elementor-widget elementor-widget-heading\" data-id=\"e3e9769\" data-element_type=\"widget\" data-e-type=\"widget\" data-widget_type=\"heading.default\">\n\t\t\t\t<div class=\"elementor-widget-container\">\n\t\t\t\t\t<h2 class=\"elementor-heading-title elementor-size-default\">Opieka nad stron\u0105, domen\u0105 i hostingiem<\/h2>\t\t\t\t<\/div>\n\t\t\t\t<\/div>\n\t\t\t\t<div class=\"elementor-element elementor-element-652e08f elementor-widget elementor-widget-text-editor\" data-id=\"652e08f\" data-element_type=\"widget\" data-e-type=\"widget\" data-widget_type=\"text-editor.default\">\n\t\t\t\t<div class=\"elementor-widget-container\">\n\t\t\t\t\t\t\t\t\t<p data-start=\"1517\" data-end=\"1635\">Twoja strona internetowa to wizyt\u00f3wka Twojego biznesu. My dbamy o to, by dzia\u0142a\u0142a bez przerw i by\u0142a zawsze aktualna.<\/p><h3 data-start=\"1637\" data-end=\"1666\">Aktualizacje i poprawki<\/h3><ul data-start=\"1667\" data-end=\"1773\"><li data-start=\"1667\" data-end=\"1719\"><p data-start=\"1669\" data-end=\"1719\">Regularna aktualizacja oprogramowania i wtyczek.<\/p><\/li><li data-start=\"1720\" data-end=\"1773\"><p data-start=\"1722\" data-end=\"1773\">Eliminacja b\u0142\u0119d\u00f3w i zabezpieczenie przed atakami.<\/p><\/li><\/ul><h3 data-start=\"1775\" data-end=\"1817\">Domeny i hosting \u2013 pe\u0142na opieka 24\/7<\/h3><ul data-start=\"1818\" data-end=\"1910\"><li data-start=\"1818\" data-end=\"1853\"><p data-start=\"1820\" data-end=\"1853\">Rejestracja i odnawianie domen.<\/p><\/li><li data-start=\"1854\" data-end=\"1910\"><p data-start=\"1856\" data-end=\"1910\">Stabilny i bezpieczny hosting dopasowany do potrzeb.<\/p><\/li><\/ul><h3 data-start=\"1912\" data-end=\"1944\">Zarz\u0105dzanie poczt\u0105 firmow\u0105<\/h3><ul data-start=\"1945\" data-end=\"2054\"><li data-start=\"1945\" data-end=\"1992\"><p data-start=\"1947\" data-end=\"1992\">Konfiguracja i obs\u0142uga skrzynek pocztowych.<\/p><\/li><li data-start=\"1993\" data-end=\"2054\"><p data-start=\"1995\" data-end=\"2054\">Zabezpieczenia antyspamowe i ochrona przed utrat\u0105 danych.<\/p><\/li><\/ul>\t\t\t\t\t\t\t\t<\/div>\n\t\t\t\t<\/div>\n\t\t\t\t\t<\/div>\n\t\t\t\t<\/div>\n\t\t\t\t\t<\/div>\n\t\t\t\t<\/div>\n\t\t<div class=\"elementor-element elementor-element-c0936d5 e-flex e-con-boxed e-con e-parent\" data-id=\"c0936d5\" data-element_type=\"container\" data-e-type=\"container\" data-settings=\"{&quot;background_background&quot;:&quot;classic&quot;}\">\n\t\t\t\t\t<div class=\"e-con-inner\">\n\t\t<div class=\"elementor-element elementor-element-b12cb57 e-flex e-con-boxed e-con e-child\" data-id=\"b12cb57\" data-element_type=\"container\" data-e-type=\"container\">\n\t\t\t\t\t<div class=\"e-con-inner\">\n\t\t\t\t<div class=\"elementor-element elementor-element-76db520 elementor-widget elementor-widget-heading\" data-id=\"76db520\" data-element_type=\"widget\" data-e-type=\"widget\" data-widget_type=\"heading.default\">\n\t\t\t\t<div class=\"elementor-widget-container\">\n\t\t\t\t\t<h2 class=\"elementor-heading-title elementor-size-default\">Dlaczego warto z nami wsp\u00f3\u0142pracowa\u0107?<\/h2>\t\t\t\t<\/div>\n\t\t\t\t<\/div>\n\t\t\t\t<div class=\"elementor-element elementor-element-d251002 elementor-widget elementor-widget-text-editor\" data-id=\"d251002\" data-element_type=\"widget\" data-e-type=\"widget\" data-widget_type=\"text-editor.default\">\n\t\t\t\t<div class=\"elementor-widget-container\">\n\t\t\t\t\t\t\t\t\t<ul><li data-start=\"2104\" data-end=\"2211\"><p data-start=\"2106\" data-end=\"2211\"><strong data-start=\"2106\" data-end=\"2132\">Do\u015bwiadczony zesp\u00f3\u0142 IT<\/strong> \u2013 eksperci w zakresie infrastruktury, bezpiecze\u0144stwa i rozwi\u0105za\u0144 chmurowych.<\/p><\/li><li data-start=\"2212\" data-end=\"2285\"><p data-start=\"2214\" data-end=\"2285\"><strong data-start=\"2214\" data-end=\"2239\">Pe\u0142na dost\u0119pno\u015b\u0107 24\/7<\/strong> \u2013 zawsze reagujemy, kiedy nas potrzebujesz.<\/p><\/li><li data-start=\"2286\" data-end=\"2379\"><p data-start=\"2288\" data-end=\"2379\"><strong data-start=\"2288\" data-end=\"2314\">Indywidualne podej\u015bcie<\/strong> \u2013 dopasowujemy rozwi\u0105zania do Twojej bran\u017cy i wielko\u015bci firmy.<\/p><\/li><li data-start=\"2380\" data-end=\"2454\"><p data-start=\"2382\" data-end=\"2454\"><strong data-start=\"2382\" data-end=\"2400\">Bezpiecze\u0144stwo<\/strong> \u2013 chronimy Twoje dane, systemy i procesy biznesowe.<\/p><\/li><li data-start=\"2455\" data-end=\"2529\"><p data-start=\"2457\" data-end=\"2529\"><strong data-start=\"2457\" data-end=\"2488\">Elastyczny model wsp\u00f3\u0142pracy<\/strong> \u2013 outsourcing IT bez zb\u0119dnych koszt\u00f3w.<\/p><\/li><\/ul>\t\t\t\t\t\t\t\t<\/div>\n\t\t\t\t<\/div>\n\t\t\t\t\t<\/div>\n\t\t\t\t<\/div>\n\t\t\t\t\t<\/div>\n\t\t\t\t<\/div>\n\t\t<div class=\"elementor-element elementor-element-33dccdf1 e-flex e-con-boxed e-con e-parent\" data-id=\"33dccdf1\" data-element_type=\"container\" data-e-type=\"container\" data-settings=\"{&quot;background_background&quot;:&quot;classic&quot;}\">\n\t\t\t\t\t<div class=\"e-con-inner\">\n\t\t\t\t<div class=\"elementor-element elementor-element-48a74455 elementor-widget elementor-widget-heading\" data-id=\"48a74455\" data-element_type=\"widget\" data-e-type=\"widget\" data-widget_type=\"heading.default\">\n\t\t\t\t<div class=\"elementor-widget-container\">\n\t\t\t\t\t<h2 class=\"elementor-heading-title elementor-size-default\">Skup si\u0119 na rozwoju firmy \u2013 my zajmiemy si\u0119 technologi\u0105<\/h2>\t\t\t\t<\/div>\n\t\t\t\t<\/div>\n\t\t\t\t<div class=\"elementor-element elementor-element-f056c7f elementor-widget elementor-widget-text-editor\" data-id=\"f056c7f\" data-element_type=\"widget\" data-e-type=\"widget\" data-widget_type=\"text-editor.default\">\n\t\t\t\t<div class=\"elementor-widget-container\">\n\t\t\t\t\t\t\t\t\t<p data-start=\"2598\" data-end=\"2798\">Dzi\u0119ki \u201eTwojemu Biuru IT\u201d mo\u017cesz w pe\u0142ni skupi\u0107 si\u0119 na kluczowych obszarach swojego biznesu.<br data-start=\"2690\" data-end=\"2693\" \/>My zadbamy o to, aby ca\u0142a infrastruktura technologiczna dzia\u0142a\u0142a <strong data-start=\"2758\" data-end=\"2795\">bezpiecznie, stabilnie i wydajnie<\/strong>.<\/p><p data-start=\"2800\" data-end=\"2900\">\ud83d\udcde <strong data-start=\"2803\" data-end=\"2837\">Skontaktuj si\u0119 z nami ju\u017c dzi\u015b<\/strong> i sprawd\u017a, jak mo\u017cemy sta\u0107 si\u0119 Twoim wewn\u0119trznym dzia\u0142em IT!<\/p>\t\t\t\t\t\t\t\t<\/div>\n\t\t\t\t<\/div>\n\t\t\t\t<div class=\"elementor-element elementor-element-2ebec406 elementor-align-center elementor-widget elementor-widget-button\" data-id=\"2ebec406\" data-element_type=\"widget\" data-e-type=\"widget\" data-widget_type=\"button.default\">\n\t\t\t\t<div class=\"elementor-widget-container\">\n\t\t\t\t\t\t\t\t\t<div class=\"elementor-button-wrapper\">\n\t\t\t\t\t<a class=\"elementor-button elementor-button-link elementor-size-sm\" href=\"https:\/\/netpulsar.pl\/index.php\/kontakt\/\">\n\t\t\t\t\t\t<span class=\"elementor-button-content-wrapper\">\n\t\t\t\t\t\t\t\t\t<span class=\"elementor-button-text\">SKONTAKTUJ SI\u0118!<\/span>\n\t\t\t\t\t<\/span>\n\t\t\t\t\t<\/a>\n\t\t\t\t<\/div>\n\t\t\t\t\t\t\t\t<\/div>\n\t\t\t\t<\/div>\n\t\t\t\t\t<\/div>\n\t\t\t\t<\/div>\n\t\t\t\t<\/div>\n\t\t","protected":false},"excerpt":{"rendered":"<p>Twoje Biuro IT \u2013 kompleksowe wsparcie technologiczne dla Twojej firmy Czy Tw\u00f3j dzia\u0142 IT potrzebuje wsparcia, a mo\u017ce nie masz go w og\u00f3le?Nasza firma oferuje us\u0142ug\u0119 \u201eTwoje Biuro IT\u201d, kt\u00f3ra pozwoli Ci korzysta\u0107 z pe\u0142noprawnego dzia\u0142u IT \u2013 bez konieczno\u015bci zatrudniania pracownik\u00f3w na etat. Zyskujesz dedykowany zesp\u00f3\u0142 specjalist\u00f3w IT, kt\u00f3ry dzia\u0142a jak cz\u0119\u015b\u0107 Twojej organizacji, [&hellip;]<\/p>\n","protected":false},"author":1,"featured_media":0,"parent":0,"menu_order":0,"comment_status":"closed","ping_status":"closed","template":"","meta":{"site-sidebar-layout":"default","site-content-layout":"","ast-site-content-layout":"","site-content-style":"default","site-sidebar-style":"default","ast-global-header-display":"","ast-banner-title-visibility":"","ast-main-header-display":"","ast-hfb-above-header-display":"","ast-hfb-below-header-display":"","ast-hfb-mobile-header-display":"","site-post-title":"","ast-breadcrumbs-content":"","ast-featured-img":"","footer-sml-layout":"","ast-disable-related-posts":"","theme-transparent-header-meta":"","adv-header-id-meta":"","stick-header-meta":"","header-above-stick-meta":"","header-main-stick-meta":"","header-below-stick-meta":"","astra-migrate-meta-layouts":"default","ast-page-background-enabled":"default","ast-page-background-meta":{"desktop":{"background-color":"var(--ast-global-color-4)","background-image":"","background-repeat":"repeat","background-position":"center center","background-size":"auto","background-attachment":"scroll","background-type":"","background-media":"","overlay-type":"","overlay-color":"","overlay-opacity":"","overlay-gradient":""},"tablet":{"background-color":"","background-image":"","background-repeat":"repeat","background-position":"center center","background-size":"auto","background-attachment":"scroll","background-type":"","background-media":"","overlay-type":"","overlay-color":"","overlay-opacity":"","overlay-gradient":""},"mobile":{"background-color":"","background-image":"","background-repeat":"repeat","background-position":"center center","background-size":"auto","background-attachment":"scroll","background-type":"","background-media":"","overlay-type":"","overlay-color":"","overlay-opacity":"","overlay-gradient":""}},"ast-content-background-meta":{"desktop":{"background-color":"var(--ast-global-color-5)","background-image":"","background-repeat":"repeat","background-position":"center center","background-size":"auto","background-attachment":"scroll","background-type":"","background-media":"","overlay-type":"","overlay-color":"","overlay-opacity":"","overlay-gradient":""},"tablet":{"background-color":"var(--ast-global-color-5)","background-image":"","background-repeat":"repeat","background-position":"center center","background-size":"auto","background-attachment":"scroll","background-type":"","background-media":"","overlay-type":"","overlay-color":"","overlay-opacity":"","overlay-gradient":""},"mobile":{"background-color":"var(--ast-global-color-5)","background-image":"","background-repeat":"repeat","background-position":"center center","background-size":"auto","background-attachment":"scroll","background-type":"","background-media":"","overlay-type":"","overlay-color":"","overlay-opacity":"","overlay-gradient":""}},"footnotes":""},"class_list":["post-103","page","type-page","status-publish","hentry"],"_links":{"self":[{"href":"https:\/\/netpulsar.pl\/index.php\/wp-json\/wp\/v2\/pages\/103","targetHints":{"allow":["GET"]}}],"collection":[{"href":"https:\/\/netpulsar.pl\/index.php\/wp-json\/wp\/v2\/pages"}],"about":[{"href":"https:\/\/netpulsar.pl\/index.php\/wp-json\/wp\/v2\/types\/page"}],"author":[{"embeddable":true,"href":"https:\/\/netpulsar.pl\/index.php\/wp-json\/wp\/v2\/users\/1"}],"replies":[{"embeddable":true,"href":"https:\/\/netpulsar.pl\/index.php\/wp-json\/wp\/v2\/comments?post=103"}],"version-history":[{"count":20,"href":"https:\/\/netpulsar.pl\/index.php\/wp-json\/wp\/v2\/pages\/103\/revisions"}],"predecessor-version":[{"id":1068,"href":"https:\/\/netpulsar.pl\/index.php\/wp-json\/wp\/v2\/pages\/103\/revisions\/1068"}],"wp:attachment":[{"href":"https:\/\/netpulsar.pl\/index.php\/wp-json\/wp\/v2\/media?parent=103"}],"curies":[{"name":"wp","href":"https:\/\/api.w.org\/{rel}","templated":true}]}}